 + 3. Calculate r(n).
-11
Let n(s) be the second derivative of 3/2*s**2 + 0 - 1/6*s**3 + 1/12*s**4 - 3*s. What is n(0)?
3
Suppose -h - 4*h - 2*b = 43, -3*b + 9 = -3*h. Let g(r) = 4*r - 10. Let z(f) = 9*f - 20. Let u(y) = h*g(y) + 3*z(y). What is u(9)?
1
Suppose -11*k + 41*k = -150. Let v(m) = -7*m. Let g(c) = -8*c. Let u(j) = -6*g(j) + 7*v(j). What is u(k)?
5
Suppose -i = -4*i + 9, 5*g - 5*i - 15 = 0. Let k(h) = 3*h**2 - 3*h - 4. Let b(a) = 10*a**2 - 7*a - 13. Let l(d) = -2*b(d) + 7*k(d). What is l(g)?
-8
Let b(y) = 3*y**2 + 11*y + 8. Let p be b(-3). Let w(q) be the first derivative of -8*q + 2 + 1/2*q**p. Give w(4).
-4
Let r(a) = -a**2 + a + 1. Let p(w) = 2*w - 3. Suppose 3*c - 4*t = -5*t - 8, 10 = -5*t. Let s(q) = c*r(q) - p(q). Let v = 1 + 2. Determine s(v).
7
Let v(p) = 7*p**3 + 8*p**2 + p + 5. Let n(u) = -u**3 - u**2 - u - 1. Let o(w) = 6*n(w) + v(w). Calculate o(-3).
5
Let v = 49 + -49. Let j(u) = -2*u - 12. Calculate j(v).
-12
Suppose 22*k - 55 + 165 = 0. Let g(o) = -o**3 - 6*o**2 + 3*o + 2. Determine g(k).
-38
Let x(h) be the second derivative of h**7/2520 - h**6/180 + 31*h**4/12 - 2*h. Let q(z) be the third derivative of x(z). What is q(6)?
12
Let j(s) = -5*s**2 - 8*s - 5. Let x(k) = 14*k**2 + 24*k + 14. Let b(d) = 17*j(d) + 6*x(d). Let f = 8106 + -8098. Give b(f).
-1
Let s = -27 - -21. Let c be 4*4/s + 17/(-51). Let u(m) = m**2 - 1. What is u(c)?
8
Let r(j) be the third derivative of -1/40*j**5 + 0*j + 1/24*j**4 - 5*j**2 + 0 + 2/3*j**3. Let y(w) be the first derivative of r(w). Give y(-1).
4
Let d(x) = x. Suppose -4 = 4*t - 0. Let n(p) = -p - 5. Let k(z) = t*n(z) - 2*d(z). Calculate k(0).
5
Let q(a) = -1920*a + 954*a - 2*a**2 + 5*a**2 + 1002*a + 4. What is q(-12)?
4
Let s(v) = -v**2 + 16*v - 31. Let b be s(14). Let i(m) = 3*m - 2 - 3*m - m**2 - 2*m. What is i(b)?
-5
Let j(m) = -m - 7. Let f(t) = 6*t + 45. Let a(r) = 2*f(r) + 13*j(r). Give a(3).
-4
Let b = 4 - -1. Let z(a) = b + 2 + 2 - a - 19. Calculate z(-5).
-5
Let x(m) = 0 + 0 + 3 + 0 - 2*m**2 + m**2. Suppose -2*p - s = -0 - 5, -4*p = 5*s - 7. What is x(p)?
-6
Suppose 0 = -4*g - 2*i + 8 - 26, 31 = -3*g + 2*i. Let t(q) = q - 89. Let n(a) = -2*a + 125. Let b(p) = 2*n(p) + 3*t(p). Give b(g).
-10
Suppose 151*h = 153*h + 2. Let r(j) = j**3 + j**2 + j + 1. Give r(h).
0
Let g(d) = -d**3 - 9*d**2 - 8*d. Let j be g(-8). Let w be (2 - (-6 + -1)) + -2. Let s(a) = -6*a - 7 - 5 + w*a. Give s(j).
-12
Let c(u) = u + 1. Let y(m) = m**2 + 9*m + 10. Let w(t) = 2*c(t) - y(t). Determine w(-6).
-2
Let w(r) be the first derivative of 3*r**2/2 - 5*r + 154. Give w(3).
4
Let x(a) = a**3 + a**2 + a - 1. Let y(p) = -5*p**3 + p**2 - 3*p + 1. Let o(l) = -6*x(l) - y(l). Calculate o(-6).
-13
Let x(g) = g - 2*g**2 + g**2 - 1734*g**3 + 1738*g**3 + 2. Calculate x(-1).
-4
Let g(j) = 5*j**3 + 13*j**2 - 2*j - 10. Let t(q) = -9*q**3 - 24*q**2 + 3*q + 18. Let r(o) = -7*g(o) - 4*t(o). Give r(-4).
6
Let q(l) = 2 + 0 + 0 + 3 + 6*l - l**2. Give q(5).
10
Let a(x) = -2*x + 3 + 175*x**2 + 0*x - 176*x**2 - 2*x. Determine a(-4).
3
Suppose 3*i + 9*g - 4*g = -55, 4*g - 91 = 3*i. Let l be (-10)/i + 1406/10. Let v(s) = 5 + l*s - 142*s - 2. Give v(0).
3
Let h(i) = i**2 + i - 7. Let n be h(-4). Let u(a) = -4*a**2 - 3*a - 5 - 2*a**3 - 7 + 5 + 3*a**3. Calculate u(n).
3
Let f(l) = l**2 + 12*l + 26. Let k be f(-7). Let n(y) = -y**3 - 10*y**2 - 6*y + 22. Give n(k).
-5
Let v(m) = -m + 24. Suppose 0 = -0*t + t + f + 68, -3*t - 4*f = 208. Let q be (-2)/(-8) + 16/t. Calculate v(q).
24
Let i(t) = -5*t + 1. Let y be (2 - 4)*(-3)/(-12)*-6. What is i(y)?
-14
Let s(g) = 8*g + 165. Let t be s(-21). Let m(w) = 7*w**2 + 5*w - 4. Let c(o) = 13*o**2 + 10*o - 7. Let k(j) = -6*c(j) + 11*m(j). Give k(t).
4
Let a(b) = -18*b - 5 - 14*b + 35*b + 3. Give a(-9).
-29
Let w(g) be the first derivative of -2 - 1/2*g**2 - 7*g. Suppose 3*a + 5*q - 4 = -24, -4*q - 16 = 5*a. Calculate w(a).
-7
Let p(o) = -o**3 - 5*o**2 - 5*o - 1. Let j be p(-4). Let d(k) = 1. Let y(v) = 24 + 36 - 53 + v. Let w(r) = j*d(r) - y(r). Give w(0).
-4
Let s(q) = 2*q + 4. Let t(p) = 4*p - 4. Let w be (-3)/(3/(-6)*3). Let j be t(w). Suppose -l - j*l + 15 = 0. Calculate s(l).
10
Suppose 4*w + 209 = 5*w - 2*p, -4*w + 2*p + 860 = 0. Let m(h) = w + 213 + h**2 - 429 + h. Suppose 2*f - 2*z + 4 = 0, 6*f + z + 10 = f. What is m(f)?
3
Let q(s) be the second derivative of -s**5/20 - 7*s**4/12 - 7*s**3/6 + s**2/2 - 3*s - 5. Determine q(-6).
7
Let c = -28 - -31. Let n(i) = -c + 5*i - 3*i**2 - 1 + i**3 - 2*i**2. Suppose -5*a = -4*p - 32, a - 4*a = 2*p - 6. Calculate n(a).
0
Let w(q) = -q**3 - 6*q**2 - 5*q - 7. Let s = 23 - 20. Suppose -5*v - 20 = 2*t, 3*t - s*v = v - 7. Give w(t).
-7
Let u = -4 - -3. Let z(a) = -a**2 - 3*a + 1. Let p = 47 - 50. Let s(w) = 2*w - 1. Let x(f) = p*s(f) - 2*z(f). Calculate x(u).
3
Let c(t) = 7 + 16*t**2 - t - 10*t**2 + 4*t**2 - t**3. Calculate c(10).
-3
Let h(m) = m**3 - 26*m**2 + 49*m - 10. Let k be h(24). Let u = -17 + k. Let o(b) be the third derivative of -b**4/24 - b**3/3 - b**2. What is o(u)?
1
Let o = 12 + -14. Let q be 4/6*12/o. Let r be -4 + 6 + q + 7. Let z(k) = -4*k + 6. Give z(r).
-14
Suppose 0*h = -2*h + 6, i - 4*h + 10 = 0. Suppose 15 = i*l + l. Let g(v) = v**3 - 5*v**2 - 1. What is g(l)?
-1
Let s(g) = g**3 - 5*g**2 - 4*g - 2. Suppose 13*j - 6*j - 119 = 0. Let c = j - 11. What is s(c)?
10
Suppose 10*d + 33 = -3*w + 6*d, -4*d + 23 = -5*w. Let n(a) = -3*a - 22. What is n(w)?
-1
Let l be ((-50)/45)/(-5) - (-48)/27. Let t(v) = v**3 - 2*v**2 - v + 1. Calculate t(l).
-1
Suppose z = 5*c - 19, 5*z + 17 = 4*c + 6*z. Let v(y) = -y**3 + 3*y**2 + 6*y - 5. Calculate v(c).
3
Suppose 23*o = 26*o + 15. Let w(v) = -v - 1. What is w(o)?
4
Let i(x) = -280*x**2 + 2 + 3 + 279*x**2 + 4*x. Let q(w) = -w**2 - 7*w - 2. Let t be q(-6). Suppose 4 = t*b - 12. Calculate i(b).
5
Let s(h) = -11*h + 2. Let l(a) = 19*a - 3. Let k(n) = -3*l(n) - 5*s(n). What is k(5)?
-11
Let z(b) = -b**3 - 7*b**2 - 4. Let v be ((-20)/(-30))/(1 + 46/(-42)). What is z(v)?
-4
Let k(p) be the third derivative of 1/6*p**3 - 9*p**2 + 1/6*p**4 + 0*p + 1/30*p**5 + 0. Determine k(-3).
7
Suppose 5369*d = 5373*d. Let s(u) = -6*u + 10. Determine s(d).
10
Let v(q) be the third derivative of q**4/8 - q**3/6 - 111*q**2. Give v(1).
2
Let i = -266 + 470. Let r be i/36 + (-2)/3. Let q(c) = 5*c - 4. What is q(r)?
21
Let n(f) = 22 + 21 - 45 - 6*f + f**2. Suppose 0 = -4*w + 30 - 6. Calculate n(w).
-2
Let y(f) = -6 + 4*f**2 - 3*f**2 + 7*f - 2*f**2. Let u be y(6). Let i(l) be the third derivative of -l**6/120 - l**4/24 - 2*l**3/3 + 2*l**2. What is i(u)?
-4
Let b(k) = k**3 - 5*k**2 + 4*k + 4. Suppose 9*y - 68 = -8*y. Calculate b(y).
4
Let s(c) = c**2 - 2*c + 2. Suppose -3*y + 9*y - 24 = 0. Suppose y*z - 2*w - 12 = 0, 2*z - 9 - 5 = -w. Calculate s(z).
17
Let d(p) = -p**2 + 8*p - 8. Suppose -4*n = 2*l + 3*l + 47, -5*n - 15 = 0. Let i be 12/6*l/(-2). Let w be d(i). Let u(y) = -y + 1. Give u(w).
2
Let p = -7 - -9. Let w(k) = k**2 + k + 1. Let t(c) = 3*c**2 - 2*c - 5. Let z(g) = p*w(g) - t(g). Suppose 5*y - 4 = -4*i, 0 = -3*i + i - 3*y. Give z(i).
-5
Let k(j) = 2*j**3 - 3*j**2 - 3*j - 1. Let u(f) = f**2 + 7*f + 13. Let x be u(-5). What is k(x)?
17
Let z(d) = 87*d + 6 - 175*d + 88*d - 8*d**2 - d**3. What is z(-8)?
6
Let y(l) = -4*l - 44 - 35 + 53. What is y(-7)?
2
Let k(t) = -t + 4. Let a be k(-5). Let x be (a/(-6)*2)/(-1). Let g(s) = -7*s**x + 6*s**2 - 8*s**2 + 0*s**2 + s**2. Give g(1).
-8
Let q(n) be the second derivative of n**5/60 + n**4/8 + n**3/6 - 2*n**2 + 9*n. Let b(a) be the first derivative of q(a). Calculate b(-4).
5
Let n(d) = -8*d + 2. Let k be (-2 + 1)*(0 + 0)/1. Suppose k = 3*h + 8 - 17. Calculate n(h).
-22
Let j(l) = -l**2 - 10*l + 30. Let m = -403 + 390. Determine j(m).
-9
Let l(z) be the first derivative of 2*z**3 + 23 + 5/2*z**2 + 1/4*z**4 + 0*z. What is l(-4)?
12
Let r(x) = 11*x**2 - x + 6. Let i(v) = 32*v**2 - 3*v + 17. Let p(n) = -6*i(n) + 17*r(n). Determine p(-2).
-22
Let y be (-1)/2 + (9 - (-19)/(-2)). Let l(p) = p**2 - 7*p - 8. Let c be l(8). Let h(g) = -g + c*g - 3*g. Determine h(y).
4
Let s(r) = -17*r**3 + 23*r**2 + 24*r - 26. Let u(d) = -10*d**3 + 12*d**2 + 12*d - 13. Let h(i) = -3*s(i) + 5*u(i). Let a be (-140)/49*(-14)/4. Calculate h(a).
-7
Let s(t) be the first derivative of -t**3/3 - t**2/2 - 14. Let j(m) = 